{"id":22,"date":"2019-09-17T11:43:14","date_gmt":"2019-09-17T09:43:14","guid":{"rendered":"https:\/\/brings-online.com\/demo\/wordpress-theme-fahrschule\/?page_id=22"},"modified":"2025-10-20T07:04:51","modified_gmt":"2025-10-20T07:04:51","slug":"kontakt","status":"publish","type":"page","link":"https:\/\/christian-fahrschule.de\/?page_id=22","title":{"rendered":"Kontakt"},"content":{"rendered":"\n<div style=\"height:20px\" aria-hidden=\"true\" class=\"wp-block-spacer\"><\/div>\n\n\n\n<div class=\"wp-block-columns has-2-columns is-layout-flex wp-container-core-columns-is-layout-28f84493 wp-block-columns-is-layout-flex\">\n<div class=\"wp-block-column is-layout-flow wp-block-column-is-layout-flow\"><div class=\"slogan links\">\n<div class=\"preambel\">\n<span style=\"color:#ff9721;\"><\/span>\n<\/div>\n<h3 style=\"font-size:20px; color:#424A59;\">\n<span class=\"slogan-mobile\"><i class=\"sc-icon icofont-id\" style=\"font-size:20px;\"><\/i> Unsere Kontaktdaten<\/span><\/h3><span style=\"background:#ff9721\"><\/span><\/div>\n\t\n\t\n\n\n<figure class=\"wp-block-table\"><table><tbody><tr><td>Telefon<\/td><td>+49 (0)8677 <strong>|<\/strong> 66184<\/td><\/tr><tr><td>Mobil<\/td><td>+49 (0)160 <strong>|<\/strong> 99783030<\/td><\/tr><tr><td>E-Mail<\/td><td><a href=\"mailto:info@christian-fahrschule.de\">info@christian-fahrschule.de<\/a><\/td><\/tr><\/tbody><\/table><\/figure>\n\n\n\n<p><\/p>\n<\/div>\n\n\n\n<div class=\"wp-block-column is-layout-flow wp-block-column-is-layout-flow\"><div class=\"slogan links\">\n<div class=\"preambel\">\n<span style=\"color:#ff9721;\"><\/span>\n<\/div>\n<h3 style=\"font-size:20px; color:#424A59;\">\n<span class=\"slogan-mobile\"><i class=\"sc-icon icofont-wall-clock\" style=\"font-size:20px;\"><\/i> Unsere B\u00fcrozeiten<\/span><\/h3><span style=\"background:#ff9721\"><\/span><\/div>\n\t\n\t\n\n\n<p>Bitte beachte, dass unsere Fahrschule keine festen B\u00fcrozeiten hat, da wir oft im Fahrunterricht sind.<\/p>\n\n\n\n<p>Gerne kannst Du uns jedoch per E-Mail oder telefonisch kontaktieren, um einen individuellen Termin f\u00fcr ein pers\u00f6nliches Gespr\u00e4ch zu vereinbaren.<\/p>\n<\/div>\n<\/div>\n\n\n\n<hr class=\"wp-block-separator has-css-opacity is-style-wide\"\/>\n\n\n\n<div class=\"wp-block-columns has-2-columns is-layout-flex wp-container-core-columns-is-layout-28f84493 wp-block-columns-is-layout-flex\">\n<div class=\"wp-block-column is-layout-flow wp-block-column-is-layout-flow\"><div class=\"slogan links\">\n<div class=\"preambel\">\n<span style=\"color:#ff9721;\">Besuche uns<\/span>\n<\/div>\n<h3 style=\"font-size:23px; color:#424A59;\">\n<span class=\"slogan-mobile\">Hier findest Du unsere Fahrschule<\/span><\/h3><span style=\"background:#ff9721\"><\/span><\/div>\n\t\n\t\n\n<div id=\"map-canvas\"><iframe loading=\"lazy\" width=\"100%\" height=\"360px\" frameborder=\"0\" scrolling=\"no\" marginheight=\"0\" marginwidth=\"0\" src=\"https:\/\/maps.google.com\/maps?q=Anton Riemerschmid Strasse, 19,84489 Burghausen,Deutschland&z=10&key=&ie=UTF8&output=embed\"><\/iframe><\/div>\n<\/div>\n<\/div>\n\n\n\n<div style=\"height:25px\" aria-hidden=\"true\" class=\"wp-block-spacer\"><\/div>\n\n\n\n<div style=\"height:25px\" aria-hidden=\"true\" class=\"wp-block-spacer\"><\/div>\n\n\n\n<p><\/p>\n","protected":false},"excerpt":{"rendered":"<p>Telefon +49 (0)8677 | 66184 Mobil +49 (0)160 | 99783030 E-Mail info@christian-fahrschule.de Bitte beachte, dass unsere Fahrschule keine festen B\u00fcrozeiten hat, da wir oft im Fahrunterricht sind. [ &#8230; ]<\/p>\n","protected":false},"author":1,"featured_media":0,"parent":0,"menu_order":0,"comment_status":"closed","ping_status":"closed","template":"page-contact.php","meta":{"footnotes":""},"class_list":["post-22","page","type-page","status-publish","hentry"],"_links":{"self":[{"href":"https:\/\/christian-fahrschule.de\/index.php?rest_route=\/wp\/v2\/pages\/22","targetHints":{"allow":["GET"]}}],"collection":[{"href":"https:\/\/christian-fahrschule.de\/index.php?rest_route=\/wp\/v2\/pages"}],"about":[{"href":"https:\/\/christian-fahrschule.de\/index.php?rest_route=\/wp\/v2\/types\/page"}],"author":[{"embeddable":true,"href":"https:\/\/christian-fahrschule.de\/index.php?rest_route=\/wp\/v2\/users\/1"}],"replies":[{"embeddable":true,"href":"https:\/\/christian-fahrschule.de\/index.php?rest_route=%2Fwp%2Fv2%2Fcomments&post=22"}],"version-history":[{"count":31,"href":"https:\/\/christian-fahrschule.de\/index.php?rest_route=\/wp\/v2\/pages\/22\/revisions"}],"predecessor-version":[{"id":7949,"href":"https:\/\/christian-fahrschule.de\/index.php?rest_route=\/wp\/v2\/pages\/22\/revisions\/7949"}],"wp:attachment":[{"href":"https:\/\/christian-fahrschule.de\/index.php?rest_route=%2Fwp%2Fv2%2Fmedia&parent=22"}],"curies":[{"name":"wp","href":"https:\/\/api.w.org\/{rel}","templated":true}]}}